ppose -2*v = 2*v - 36. Suppose -k - 4*s + 0 = -v, 12 = k + 3*s. What is the greatest common divisor of k and 7?
7
Let s(q) = q**3 + 17*q**2 + 16*q + 7. Let v be s(-16). Calculate the greatest common divisor of v and 7.
7
Suppose 3*q - 11 = 2*q. What is the highest common divisor of q and 33?
11
Suppose -3*f + 72 = -0*f. Suppose 4 = -4*c + f. Suppose -4*k + 75 = -3*i, -c*k + 4*i = -41 - 53. Calculate the highest common divisor of 27 and k.
9
Let k = 188 + -62. What is the greatest common factor of 14 and k?
14
Let r = -4 + 8. Suppose -v + 6 = -r. What is the highest common factor of 10 and v?
10
Suppose -u = 2*u - 3. Let t be u + 1 + 5/5. Calculate the highest common divisor of 21 and t.
3
Suppose 12*w - 918 = 3*w. What is the highest common divisor of w and 6?
6
Suppose 3*x - 2 = 10. Suppose 2*y - 10 + x = 0. Suppose 0 = 4*d - 0*d - 24. What is the highest common factor of y and d?
3
Let z(m) = m**3 - 3*m**2 + m - 5. Let v = -11 - -15. Let q be z(v). Calculate the greatest common divisor of q and 15.
15
Suppose 0 = 3*d - d - 10. Let m be (-15)/(-6*(-6)/(-27) - -1). What is the greatest common factor of m and d?
5
Suppose -2*w + 36 + 140 = 0. Let k be (1/(-3))/(3/(-99)). Calculate the highest common factor of k and w.
11
Suppose -4*g + 4 = -2*r, 2*g - 6*g = -3*r - 12. Let z be (-6)/4*r/3. Let d(i) = -i**2 - 6*i + 4. Let t be d(-6). What is the highest common factor of t and z?
4
Suppose -3*g + 7*g - 5*q = -117, -4*q + 89 = -3*g. Let c = -14 - g. Let t = -5 + 14. What is the greatest common factor of t and c?
9
Let j(p) = -p**3 + 5*p**2 + 9*p - 9. Let u be j(6). Let x = 4 + -4. Suppose 3*f - 42 - 39 = x. What is the greatest common divisor of u and f?
9
Let l(w) = -7*w - 6. Let z be l(-3). Let c(y) = -y**2 + 17*y + 6. Let t be c(z). Suppose 60 = 2*f + 12. Calculate the greatest common factor of t and f.
12
Let y be ((-621)/92)/((-1)/16). Calculate the highest common factor of y and 12.
12
Let w(s) be the third derivative of -s**4/12 + s**3 - s**2. Suppose -u + 12 = -3*u. Let f be w(u). What is the highest common factor of 45 and f?
9
Suppose -4*l + 2*y = -316, 0 = -4*y - 1 - 15. What is the greatest common divisor of l and 7?
7
Let w be 26/2 - (13 + -15). Calculate the highest common factor of 60 and w.
15
Let m be 1/(-1 + (-108)/(-107)). Let v = m - 59. Let d be (v/(-5))/(3/(-15)). What is the greatest common divisor of d and 6?
6
Suppose 3*c = q - 42, -4*q + 0*c = c - 142. What is the highest common divisor of 45 and q?
9
Let k = 109 + -49. What is the highest common divisor of 40 and k?
20
Suppose 15 = w + 2*w. What is the highest common factor of w and 25?
5
Let s = -21 + 36. Let f be (-3)/s - 524/(-20). What is the highest common divisor of 39 and f?
13
Let m(p) = 3 - p - 1 - 2 + 1. Let i be m(1). Suppose -d + 3 = -i. What is the highest common factor of d and 1?
1
Let q = 19 - 14. Calculate the highest common factor of q and 20.
5
Let o(i) = i**3 - 7*i**2 + 7*i + 6. Let y be o(6). Suppose 0 = 2*b - b - y. Let w(j) = -j + 12. Let n be w(0). Calculate the highest common divisor of n and b.
12
Let i be -6 + 5/5 + 16. Let m be 1/(-1 + 2)*1. What is the greatest common divisor of i and m?
1
Let n(f) = 3*f - 6. Let l(p) = 4*p - 4. Let s be l(7). Suppose 0 = -3*u + s. Let t be n(u). What is the greatest common divisor of 6 and t?
6
Let q be 9 + -1*1*-1. Let k be 1 + (0 + 6)/(-2) + 12. What is the greatest common divisor of q and k?
10
Let r be ((-2)/(-5))/(1/5). Suppose 5*k + 3 = r*k. Let l(w) = 44*w**2 + w + 1. Let u be l(k). What is the highest common divisor of 11 and u?
11
Suppose 0 = -199*g + 196*g + 120. What is the highest common divisor of 16 and g?
8
Let c be 272/12 + 4/(-6). Suppose -5*u = -113 + 3. Calculate the greatest common divisor of c and u.
22
Suppose 42 = -h + 4*h. Suppose -x - 4*x = -730. Let v = x - 76. Calculate the highest common factor of v and h.
14
Let s be (10/3)/((-2)/(-6)). Let u be 8 + 0 + (2/(-2) - -3). What is the highest common divisor of u and s?
10
Suppose 36 = -5*c + 141. Calculate the highest common factor of c and 7.
7
Let k(d) = -d + d**3 + 9*d + 6*d**2 + 7 - 2*d**3. Let n be k(7). What is the highest common divisor of 35 and n?
7
Let j = 122 + -68. Calculate the greatest common factor of j and 18.
18
Let l(r) = r**3 + 4*r**2 - 7*r - 6. Let z be l(-5). Let u be (-2)/(-2)*(4 - z). Suppose -6*q + 5*q + 32 = u. What is the greatest common factor of q and 16?
16
Suppose 40 = -0*l + 5*l. Let s be (-4)/(-16) + 622/l. Let g = -27 + s. Calculate the greatest common factor of 17 and g.
17
Let i(q) = q**3 + 7*q**2 + 3*q - 9. Let c be i(-6). Calculate the greatest common factor of 99 and c.
9
Let i(y) = -y**2 + 12*y + 10. Let m = 2 - -1. Suppose -2*o = 4*k - 24, 7*o - 2*o = -k - m. Let g be i(k). What is the highest common factor of g and 5?
5
Let i be -12 + 14 - 53/(-1). What is the highest common divisor of i and 22?
11
Let d(i) = 9*i**3 - 3*i**2 + 5*i - 2. Let w be d(1). Calculate the greatest common factor of 9 and w.
9
Suppose 2*g = -2*g + 432. Calculate the highest common factor of g and 12.
12
Let k = 37 + -52. Let q = -3 - k. Suppose 0*i + 108 = 9*i. Calculate the highest common divisor of q and i.
12
Let b be 15/(-12)*(-16 + 0). Suppose 7*p - 2*p - b = 0. Calculate the greatest common factor of 4 and p.
4
Let g(l) = l**3 + 11*l**2 + 9*l + 11. Let s be g(-10). What is the highest common factor of s and 3?
3
Let w be (-60)/(-4) + 0 - -5. Calculate the greatest common divisor of w and 160.
20
Let o be 1/(-5) + 921/5. Let u = o + -106. Suppose 5*s - 84 = 3*j, -2*s + u = 2*s + 3*j. What is the highest common factor of s and 6?
6
Suppose -2*d - 47 = 9. Let n = -19 - d. Calculate the greatest common divisor of 3 and n.
3
Let b(s) = s**2 - s + 2. Let l be b(6). Calculate the highest common factor of 8 and l.
8
Let h = 2008 + -1348. Let l = -451 + h. Calculate the greatest common divisor of l and 19.
19
Let h = -4 - -16. Let y be (-2)/3 - (123/(-9) + -5). What is the greatest common factor of h and y?
6
Suppose -418 = u - 2*u. Calculate the highest common divisor of 38 and u.
38
Let o(l) = l**3 - 8*l**2 + 9*l - 4. Let q be o(7). What is the greatest common factor of 15 and q?
5
Let o be -1 + (-2 - 2*-2). Let i(j) = 14*j + 1. Let s be i(o). Let z = -8 + 14. What is the greatest common factor of s and z?
3
Suppose -2*w = -36 - 8. Calculate the highest common factor of w and 11.
11
Let q = -9 - -13. Suppose 0 = 5*g - p + 5*p - 25, -3*p = -q*g + 20. Suppose 0 = 2*d - 15 - g. What is the greatest common factor of d and 5?
5
Let i(y) = 7*y - 24. Let p be i(5). Calculate the greatest common factor of p and 55.
11
Let w = -260 + 452. What is the greatest common factor of w and 24?
24
Let v(h) = -h**3 + 7*h**2 - 4*h - 7. Let f be v(6). Let z be ((7 - 2) + -2)*-1. Let t = f + z. What is the greatest common factor of t and 2?
2
Suppose -9*w = -7*w - 64. What is the greatest common factor of 80 and w?
16
Suppose 0*b - b = 4, -4*x - 4*b - 8 = 0. Suppose 13 = -u - 1. Let m be 4/u - 48/(-21). What is the greatest common factor of m and x?
2
Suppose -u - 4*i - 13 = 4, 5*u = -5*i - 10. Let y be -4*(u - 12/3). Let w be 4/3*1*24. Calculate the greatest common divisor of w and y.
4
Suppose 0 = 7*t - 91 - 35. What is the greatest common divisor of 2 and t?
2
Let d be 14/35*55/2. What is the greatest common divisor of d and 33?
11
Let b be 2/(1*2/6). Let j = -46 + 82. Suppose 0 = -t + 4*t - j. What is the highest common factor of b and t?
6
Let a(g) = -g**3 + 9*g**2 - 4*g - 5. Let i be a(5). Suppose 9 = 2*d - 7. Let n(u) = 5*u - 10. Let v be n(d). What is the greatest common factor of i and v?
15
Let h = 2 + 9. What is the highest common divisor of 121 and h?
11
Let p = 40 + -18. What is the greatest common divisor of 22 and p?
22
Suppose -4*z = a - 33, 3*a - 75 = a + z. Calculate the highest common divisor of a and 37.
37
Suppose -m - 9 = 3*f - 27, -f - 59 = -4*m. Calculate the highest common factor of 15 and m.
15
Let x be (4/6)/((-2)/(-3)). Let l = x + 10. What is the highest common factor of l and 77?
11
Let z be 159/15 + 9/(-15). Calculate the greatest common factor of 2 and z.
2
Let s = 18 - 14. Suppose 0 = 4*g - s*v + 8, -g + 16 = -0*v + 5*v. Suppose -2*m + 6*m = 4. Calculate the highest common factor of m and g.
1
Suppose 3*j +